?
521
Calculate the remainder when 2481 is divided by 1449.
1032
What is the remainder when 58302 is divided by 11?
2
What is the remainder when 3421 is divided by 1140?
1
Calculate the remainder when 5617 is divided by 335.
257
Calculate the remainder when 5744 is divided by 2856.
32
Calculate the remainder when 1224 is divided by 600.
24
What is the remainder when 88656 is divided by 457?
455
Calculate the remainder when 566126 is divided by 164.
162
What is the remainder when 36812 is divided by 392?
356
Calculate the remainder when 16124 is divided by 323.
297
What is the remainder when 13673 is divided by 1239?
44
What is the remainder when 1805 is divided by 498?
311
Calculate the remainder when 8952 is divided by 1113.
48
What is the remainder when 590766 is divided by 52?
46
What is the remainder when 12191 is divided by 48?
47
Calculate the remainder when 852 is divided by 55.
27
Calculate the remainder when 13198 is divided by 6514.
170
Calculate the remainder when 546685 is divided by 207.
205
What is the remainder when 1281299 is divided by 553?
551
Calculate the remainder when 623517 is divided by 20.
17
Calculate the remainder when 4988 is divided by 1245.
8
Calculate the remainder when 68664 is divided by 19.
17
Calculate the remainder when 182087 is divided by 162.
161
What is the remainder when 470 is divided by 36?
2
What is the remainder when 9377 is divided by 855?
827
Calculate the remainder when 156364 is divided by 1548.
16
Calculate the remainder when 13704 is divided by 100.
4
What is the remainder when 42371 is divided by 10543?
199
What is the remainder when 1181 is divided by 149?
138
Calculate the remainder when 5667 is divided by 52.
51
What is the remainder when 702149 is divided by 62?
61
Calculate the remainder when 8066 is divided by 949.
474
What is the remainder when 127309 is divided by 10609?
1
What is the remainder when 13190 is divided by 33?
23
Calculate the remainder when 101598 is divided by 78.
42
Calculate the remainder when 1250 is divided by 309.
14
What is the remainder when 8658 is divided by 4265?
128
Calculate the remainder when 41039 is divided by 144.
143
Calculate the remainder when 21251 is divided by 140.
111
What is the remainder when 537808 is divided by 19?
13
Calculate the remainder when 204147 is divided by 102073.
1
What is the remainder when 4852 is divided by 98?
50
What is the remainder when 186236 is divided by 10345?
26
What is the remainder when 11993 is divided by 3987?
32
What is the remainder when 1318945 is divided by 2213?
2210
Calculate the remainder when 2781 is divided by 6.
3
What is the remainder when 37046 is divided by 6?
2
What is the remainder when 16183 is divided by 28?
27
What is the remainder when 57790 is divided by 48?
46
Calculate the remainder when 722 is divided by 630.
92
What is the remainder when 46196 is divided by 5109?
215
Calculate the remainder when 77999 is divided by 191.
71
Calculate the remainder when 627 is divided by 301.
25
Calculate the remainder when 3298 is divided by 266.
106
Calculate the remainder when 615186 is divided by 113.
14
What is the remainder when 1982 is divided by 867?
248
What is the remainder when 4772 is divided by 3720?
1052
Calculate the remainder when 2931 is divided by 119.
75
What is the remainder when 393461 is divided by 1741?
1736
Calculate the remainder when 4241 is divided by 367.
204
What is the remainder when 1033449 is divided by 25?
24
Calculate the remainder when 64726 is divided by 16162.
78
What is the remainder when 71952 is divided by 533?
530
Calculate the remainder when 61561 is divided by 31.
26
What is the remainder when 62369 is divided by 241?
191
What is the remainder when 80285 is divided by 4222?
67
What is the remainder when 12146 is divided by 156?
134
Calculate the remainder when 893 is divided by 280.
53
Calculate the remainder when 2032 is divided by 86.
54
Calculate the remainder when 4096 is divided by 177.
25
What is the remainder when 3755 is divided by 884?
219
Calculate the remainder when 694 is divided by 186.
136
Calculate the remainder when 116974 is divided by 220.
154
Calculate the remainder when 3095 is divided by 11.
4
Calculate the remainder when 336229 is divided by 1054.
3
Calculate the remainder when 14911 is divided by 19.
15
Calculate the remainder when 5386 is divided by 193.
175
What is the remainder when 4500 is divided by 384?
276
Calculate the remainder when 123776 is divided by 30942.
8
Calculate the remainder when 13831 is divided by 12.
7
What is the remainder when 1759 is divided by 104?
95
What is the remainder when 23493 is divided by 25?
18
What is the remainder when 3391 is divided by 7?
3
Calculate the remainder when 136847 is divided by 964.
923
What is the remainder when 507 is divided by 17?
14
Calculate the remainder when 52953 is divided by 80.
73
Calculate the remainder when 599 is divided by 122.
111
Calculate the remainder when 268799 is divided by 6.
5
Calculate the remainder when 36604 is divided by 64.
60
What is the remainder when 88786 is divided by 43?
34
Calculate the remainder when 856 is divided by 846.
10
What is the remainder when 98494 is divided by 15?
4
Calculate the remainder when 72789 is divided by 337.
334
What is the remainder when 28832 is divided by 1371?
41
What is the remainder when 386550 is divided by 26?
8
Calculate the remainder when 1394 is divided by 350.
344
What is the remainder when 16319 is divided by 107?
55
Calculate the remainder when 124392 is divided by 13.
8
What is the remainder when 24404 is divided by 316?
72
Calculate the remainder when 34240 is divided by 11.
8
Calculate the remainder when 185760 is divided by 1935.
0
What is the remainder when 445118 is divided by 445109?
9
Calculate the remainder when 207393 is divided by 17.
10
What is the remainder when 8083 is divided by 1007?
27
Calculate the remainder when 3398102 is divided by 474.
470
Calculate the remainder when 11226 is divided by 864.
858
Calculate the remainder when 121426 is divided by 353.
347
What is the remainder when 156996 is divided by 46?
44
Calculate the remainder when 4486 is divided by 442.
66
What is the remainder when 270348 is divided by 287?
281
Calculate the remainder when 13894 is divided by 980.
174
Calculate the remainder when 7799 is divided by 44.
11
What is the remainder when 12062 is divided by 799?
77
What is the remainder when 316662 is divided by 45234?
24
Calculate the remainder when 8920 is divided by 326.
118
Calculate the remainder when 22665 is divided by 429.
357
Calculate the remainder when 1766 is divided by 146.
14
Calculate the remainder when 1535 is divided by 391.
362
Calculate the remainder when 9403 is divided by 52.
43
What is the remainder when 455 is divided by 91?
0
What is the remainder when 492194 is divided by 280?
234
Calculate the remainder when 1052238 is divided by 43.
28
What is the remainder when 1561 is divided by 1180?
381
Calculate the remainder when 141488 is divided by 17.
14
Calculate the remainder when 7402 is divided by 1832.
74
Calculate the remainder when 13226 is divided by 1171.
345
What is the remainder when 30282 is divided by 92?
14
Calculate the remainder when 123731 is divided by 41228.
47
What is the remainder when 11028 is divided by 527?
488
What is the remainder when 7671 is divided by 1543?
1499
What is the remainder when 10799 is divided by 135?
134
What is the remainder when 1185818 is divided by 20?
18
Calculate the remainder when 1177 is divided by 25.
2
Calculate the remainder when 8697 is divided by 13.
0
What is the remainder when 1807 is divided by 497?
316
What is the remainder when 1410 is divided by 89?
75
Calculate the remainder when 386 is divided by 28.
22
Calculate the remainder when 4364 is divided by 40.
4
What is the remainder when 1662 is divided by 581?
500
What is the remainder when 7848 is divided by 2554?
186
Calculate the remainder when 873 is divided by 196.
89
What is the remainder when 2054 is divided by 696?
662
Calculate the remainder when 290237 is divided by 32.
29
What is the remainder when 624 is divided by 239?
146
Calculate the remainder when 40193 is divided by 58.
57
What is the remainder when 3098 is divided by 28?
18
What i